digit of 227217249?
2
What is the ten millions digit of 1626064916?
2
What is the ten thousands digit of 39664474?
6
What is the millions digit of 126387478?
6
What is the tens digit of 2096026911?
1
What is the hundreds digit of 768657198?
1
What is the tens digit of 279995344?
4
What is the tens digit of 104310890?
9
What is the thousands digit of 157070761?
0
What is the millions digit of 137098145?
7
What is the ten millions digit of 1778708610?
7
What is the hundreds digit of 27413003?
0
What is the hundred millions digit of 1542158464?
5
What is the thousands digit of 57733831?
3
What is the hundreds digit of 389290058?
0
What is the hundreds digit of 825736053?
0
What is the ten millions digit of 218530008?
1
What is the ten millions digit of 2442700863?
4
What is the thousands digit of 313466706?
6
What is the units digit of 377812479?
9
What is the ten thousands digit of 983121376?
2
What is the ten thousands digit of 1631055515?
5
What is the thousands digit of 200950844?
0
What is the tens digit of 236166979?
7
What is the tens digit of 456575214?
1
What is the ten thousands digit of 78524106?
2
What is the hundreds digit of 5782959006?
0
What is the hundred thousands digit of 255236153?
2
What is the thousands digit of 4641218085?
8
What is the ten millions digit of 499566913?
9
What is the ten millions digit of 4364804984?
6
What is the tens digit of 106010313?
1
What is the millions digit of 40546223?
0
What is the hundreds digit of 89650972?
9
What is the ten thousands digit of 3730445473?
4
What is the units digit of 1153548067?
7
What is the millions digit of 140539033?
0
What is the millions digit of 16864714?
6
What is the units digit of 134337859?
9
What is the hundred thousands digit of 697447049?
4
What is the units digit of 186368862?
2
What is the thousands digit of 641240710?
0
What is the hundred thousands digit of 1272025548?
0
What is the millions digit of 230627276?
0
What is the ten millions digit of 747619436?
4
What is the units digit of 50507148?
8
What is the units digit of 2129969720?
0
What is the tens digit of 215073367?
6
What is the hundred millions digit of 144176814?
1
What is the thousands digit of 6177287016?
7
What is the hundreds digit of 6015255?
2
What is the hundreds digit of 899267081?
0
What is the millions digit of 47281959?
7
What is the thousands digit of 40527762?
7
What is the tens digit of 411948823?
2
What is the thousands digit of 2907339182?
9
What is the units digit of 962400499?
9
What is the ten thousands digit of 2391951084?
5
What is the ten millions digit of 3580994590?
8
What is the tens digit of 194497158?
5
What is the thousands digit of 94576263?
6
What is the millions digit of 4505446882?
5
What is the hundreds digit of 378292158?
1
What is the millions digit of 112257232?
2
What is the ten millions digit of 78624029?
7
What is the millions digit of 29345767?
9
What is the ten thousands digit of 785464043?
6
What is the thousands digit of 119337847?
7
What is the hundred thousands digit of 464709228?
7
What is the units digit of 144245062?
2
What is the hundred millions digit of 469038763?
4
What is the tens digit of 1431483679?
7
What is the thousands digit of 1281233847?
3
What is the thousands digit of 292830826?
0
What is the thousands digit of 52810764?
0
What is the tens digit of 27571217?
1
What is the hundred millions digit of 232798019?
2
What is the units digit of 916673828?
8
What is the ten thousands digit of 134899595?
9
What is the ten millions digit of 1525652958?
2
What is the ten thousands digit of 1607472287?
7
What is the tens digit of 589164866?
6
What is the millions digit of 149155309?
9
What is the billions digit of 2005387417?
2
What is the hundred millions digit of 173978351?
1
What is the millions digit of 63962445?
3
What is the millions digit of 337873718?
7
What is the thousands digit of 104527399?
7
What is the hundred millions digit of 1755937706?
7
What is the hundred thousands digit of 16046892?
0
What is the hundred millions digit of 117087508?
1
What is the tens digit of 1089446972?
7
What is the ten millions digit of 64925037?
6
What is the units digit of 2322783713?
3
What is the millions digit of 627881935?
7
What is the ten thousands digit of 283311733?
1
What is the ten thousands digit of 370648064?
4
What is the thousands digit of 319246987?
6
What is the hundreds digit of 614024223?
2
What is the hundred millions digit of 103843961?
1
What is the units digit of 306000007?
7
What is the thousands digit of 668790840?
0
What is the thousands digit of 70938828?
8
What is the hundreds digit of 34614199?
1
What is the hundred thousands digit of 125565465?
5
What is the hundred thousands digit of 1805106272?
1
What is the hundreds digit of 2872124333?
3
What is the ten millions digit of 615919510?
1
What is the millions digit of 3416123?
3
What is the hundreds digit of 116419605?
6
What is the hundred thousands digit of 132188674?
1
What is the ten millions digit of 818904975?
1
What is the tens digit of 2421718895?
9
What is the hundred thousands digit of 3661141717?
1
What is the tens digit of 233616809?
0
What is the units digit of 723093027?
7
What is the units digit of 14128291?
1
What is the ten thousands digit of 414279663?
7
What is the hundred thousands digit of 19444549?
4
What is the hundred thousands digit of 837820063?
8
What is the hundreds digit of 40182351?
3
What is the hundred millions digit of 137910476?
1
What is the ten millions digit of 50030629?
5
What is the units digit of 244249468?
8
What is the hundred thousands digit of 2566339167?
3
What is the ten millions digit of 174982500?
7
What is the millions digit of 217888145?
7
What is the ten thousands digit of 5635645?
3
What is the tens digit of 431674996?
9
What is the ten thousands digit of 9382670?
8
What is the billions digit of 6375131786?
6
What is the hundred millions digit of 1234083695?
2
What is the ten thousands digit of 32190756?
9
What is the ten millions digit of 296255985?
9
What is the hundred thousands digit of 2599216651?
2
What is the billions digit of 1977248825?
1
What is the ten millions digit of 450462081?
5
What is the tens digit of 511204648?
4
What is the tens digit of 1380952679?
7
What is the hundreds digit of 80997226?
2
What is the hundreds digit of 347435630?
6
What is the hundred millions digit of 218339327?
2
What is the millions digit of 1198396488?
8
What is the ten thousands digit of 218685391?
8
What is the ten millions digit of 394642462?
9
What is the ten millions digit of 224280481?
2
What is the billions digit of 7973370615?
7
What is the ten millions digit of 194685694?
9
What is the hundred thousands digit of 259274964?
2
What is the ten thousands digit of 17956261?
5
What is the tens digit of 343221111?
1
What is the units digit of 2270452709?
9
What is the hundreds digit of 71300033?
0
What is the units digit of 649052491?
1
What is the units digit of 187397963?
3
What is the hundreds digit of 162634120?
1
What is the units digit of 261051646?
6
What is the ten thousands digit of 3454113429?
1
What is the ten thousands digit of 90174925?
7
What is the thousands digit of 7762830559?
0
What is the billions digit of 7324519885?
7
What is the tens digit of 2792325970?
7
What is the units digit of 869677789?
9
What is the ten millions digit of 1090359952?
9
What is the thousands digit of 196932264?
2
What is the tens digit of 34187465?
6
What is the tens digit of 74632196?
9
What is the hundred thousands digit of 2468926594?
9
What is the ten millions digit of 65370355?
6
What is the units digit of 286536171?
1
What is the millions digit of 1962545585?
2
What is the millions digit of 166575943?
6
What is the units digit of 982003782?
2
What is the thousands digit of 3616481740?
1
What is the units digit of 140437712?
2
What is the thousands digit of 1036718367?
8
What is the ten thousands digit of 1650610665?
1
What is the tens digit of 42526?
2
What is the billions digit of 1108664339?
1
What is the hundred thousands digit of 2657604712?
6
What is the ten millions digit of 486250384?
8
What is the hundred millions digit of 1117443044?
1
What is the hundreds digit of 7317092?
0
What is the tens digit of 328399392?
9
What 